ide 8087634?
False
Does 21 divide 76482?
True
Does 34 divide 37468?
True
Is 14 a factor of 1817894?
False
Is 70317 a multiple of 39?
True
Does 660 divide 3081540?
True
Is 15 a factor of 188370?
True
Is 74802 a multiple of 27?
False
Does 117 divide 34749?
True
Is 484467 a multiple of 43?
False
Is 18 a factor of 62394?
False
Does 31 divide 1149480?
True
Does 238 divide 250854?
False
Is 1007437 a multiple of 17?
True
Does 104 divide 4768164?
False
Does 39 divide 2097416?
False
Is 333 a factor of 966033?
True
Is 19 a factor of 18744?
False
Is 21074704 a multiple of 112?
True
Does 798 divide 121296?
True
Does 43 divide 45967?
True
Is 2036904 a multiple of 24?
True
Is 142634 a multiple of 26?
False
Does 451 divide 21648?
True
Does 60 divide 1857958?
False
Is 3 a factor of 2151?
True
Is 146862 a multiple of 599?
False
Is 553936 a multiple of 89?
True
Is 207315 a multiple of 153?
True
Does 360 divide 13841342?
False
Is 634625 a multiple of 540?
False
Does 62 divide 3745730?
True
Is 13 a factor of 2042517?
False
Does 590 divide 10777530?
True
Is 202 a factor of 838826?
False
Is 23598584 a multiple of 289?
True
Does 54 divide 854846?
False
Does 741 divide 734331?
True
Does 21 divide 37002?
True
Does 14 divide 699148?
False
Does 2178 divide 11732207?
False
Is 161165 a multiple of 12?
False
Is 11 a factor of 137940?
True
Is 484 a factor of 1339228?
True
Is 66 a factor of 5188751?
False
Is 40448 a multiple of 8?
True
Is 2 a factor of 45377?
False
Is 321310 a multiple of 55?
True
Does 138 divide 390264?
True
Does 55 divide 4304465?
True
Is 38 a factor of 11448530?
False
Does 64 divide 63744?
True
Does 10 divide 445534?
False
Is 1684357 a multiple of 116?
False
Does 260 divide 1051700?
True
Is 21 a factor of 50287?
False
Does 71 divide 759821?
False
Is 441526 a multiple of 4?
False
Is 153748 a multiple of 578?
True
Is 1379536 a multiple of 362?
False
Is 187 a factor of 50430?
False
Is 198 a factor of 3940006?
False
Is 4597777 a multiple of 642?
False
Is 34 a factor of 714578?
True
Does 46 divide 170250?
False
Does 54 divide 981644?
False
Is 97728 a multiple of 157?
False
Does 36 divide 788652?
True
Does 286 divide 161296?
False
Is 144 a factor of 8904300?
False
Is 11 a factor of 127555?
False
Does 11 divide 2012967?
True
Does 149 divide 4499249?
False
Is 5 a factor of 3790350?
True
Does 42 divide 359142?
True
Is 50450 a multiple of 10?
True
Is 41 a factor of 506110?
False
Does 39 divide 58151?
False
Is 3 a factor of 88411?
False
Does 81 divide 99553?
False
Is 181818 a multiple of 78?
True
Is 143 a factor of 56685?
False
Does 61 divide 405248?
False
Is 46 a factor of 185012?
True
Does 570 divide 9754218?
False
Is 581640 a multiple of 393?
True
Is 358 a factor of 2345974?
True
Is 151 a factor of 4211?
False
Is 37 a factor of 165040?
False
Is 1653485 a multiple of 12?
False
Does 430 divide 9937148?
False
Does 76 divide 57879?
False
Is 26 a factor of 292396?
True
Is 134568 a multiple of 504?
True
Is 630 a factor of 400050?
True
Is 56 a factor of 82868?
False
Is 426 a factor of 920380?
False
Is 282 a factor of 1340628?
True
Is 146 a factor of 5012001?
False
Is 160170 a multiple of 25?
False
Does 50 divide 1975850?
True
Is 13 a factor of 241017?
False
Does 48 divide 3623808?
True
Is 24848 a multiple of 31?
False
Does 56 divide 130754?
False
Is 8 a factor of 182336?
True
Is 123881 a multiple of 89?
False
Is 45 a factor of 8090775?
True
Is 2 a factor of 501184?
True
Does 27 divide 3537880?
False
Is 13 a factor of 243737?
True
Does 9 divide 405360?
True
Is 162484 a multiple of 9?
False
Is 217 a factor of 306187?
True
Is 575262 a multiple of 151?
False
Is 145 a factor of 897260?
True
Is 10 a factor of 280340?
True
Is 3412723 a multiple of 234?
False
Does 274 divide 921634?
False
Does 144 divide 577440?
True
Is 444080 a multiple of 61?
True
Does 2 divide 15318?
True
Is 26 a factor of 642035?
False
Is 68 a factor of 1797991?
False
Is 86474 a multiple of 27?
False
Is 41 a factor of 8412?
False
Is 416725 a multiple of 63?
False
Does 15 divide 15555?
True
Does 86 divide 1998842?
False
Is 426 a factor of 362526?
True
Is 2199858 a multiple of 38?
True
Does 6 divide 1740?
True
Is 613 a factor of 2816122?
True
Does 9 divide 2877102?
True
Does 99 divide 1381545?
True
Does 1287 divide 8792968?
False
Is 2086843 a multiple of 22?
False
Is 278749 a multiple of 19?
True
Is 658 a factor of 3523590?
True
Does 29 divide 125164?
True
Is 620389 a multiple of 7?
True
Is 211 a factor of 134296?
False
Does 33 divide 361966?
False
Is 9 a factor of 229073?
False
Is 113 a factor of 138918?
False
Does 36 divide 2408999?
False
Is 7922 a multiple of 128?
False
Is 141 a factor of 191467?
False
Does 129 divide 429441?
True
Is 958870 a multiple of 55?
True
Does 9 divide 75942?
True
Is 82 a factor of 353666?
True
Does 17 divide 3601690?
False
Is 1289568 a multiple of 21?
True
Is 461154 a multiple of 509?
True
Is 3605785 a multiple of 5?
True
Is 25498656 a multiple of 116?
True
Does 13 divide 131261?
True
Is 483345 a multiple of 23?
True
Does 402 divide 1540062?
True
Is 17 a factor of 430465?
False
Is 63 a factor of 193593?
False
Is 6365473 a multiple of 26?
False
Does 117 divide 6819696?
True
Does 259 divide 231445?
False
Is 767880 a multiple of 854?
False
Is 182859 a multiple of 23?
False
Does 148 divide 348984?
True
Is 10 a factor of 132382?
False
Does 143 divide 2990192?
False
Does 141 divide 34358?
False
Is 143 a factor of 1852462?
False
Does 14 divide 631918?
True
Is 50 a factor of 1209650?
True
Is 826616 a multiple of 24?
False
Is 65 a factor of 3264889?
False
Is 1164274 a multiple of 12?
False
Does 20 divide 3290356?
False
Is 401112 a multiple of 72?
True
Does 330 divide 1149767?
False
Is 46 a factor of 415707?
False
Does 131 divide 274183?
True
Does 917 divide 1941481?
False
Is 1233395 a multiple of 174?
False
Is 853184 a multiple of 23?
False
Is 1630982 a multiple of 105?
False
Does 36 divide 25704?
True
Is 2314283 a multiple of 695?
False
Does 212 divide 54097?
False
Is 79357 a multiple of 100?
False
Does 40 divide 9050800?
True
Is 8 a factor of 216208?
True
Does 14 divide 20752874?
False
Does 30 divide 99900?
True
Does 364 divide 84448?
True
Is 9 a factor of 141768?
True
Is 68 a factor of 1180334?
False
Is 278232 a multiple of 10?
False
Does 10 divide 925379?
False
Is 1540137 a multiple of 1047?
True
Is 190 a factor of 791540?
True
Is 66600 a multiple of 4?
True
Does 2 divide 41915?
False
Is 1040520 a multiple of 696?
True
Does 27 divide 279936?
True
Is 806 a factor of 3750136?
False
Is 72 a factor of 7345823?
False
Is 10 a factor of 54028?
False
Is 68 a factor of 336292?
False
Is 83512 a multiple of 88?
True
Is 135783 a multiple of 47?
True
Is 5 a factor of 102103?
False
Is 5 a factor of 249258?
False
Is 354 a factor of 199418?
False
Does 4 divide 51022?
False
Does 991 divide 18141149?
False
Is 1719003 a multiple of 143?
True
Does 11 divide 149501?
True
Does 338 divide 1513564?
True
Does 39 divide 1512966?
True
Is 171056 a multiple of 8?
True
Does 18 divide 526392?
True
Does 28 divide 1180887?
False
Does 99 divide 10490733?
True
Is 783699 a multiple of 557?
True
Does 28 divide 226688?
True
Is 1690 a multiple of 5?
True
Is 6 a factor of 101640?
True
Is 2 a factor of 121546?
True
Is 44505 a multiple of 28?
False
Is 46437 a multiple of 13?
False
Does 15 divide 132882?
False
Is 18604 a multiple of 4?
True
Is 118 a factor of 3379874?
True
Is 12 a factor of 43641?
False
Does 47 divide 31901?
False
Is 5667355 a multiple of 18?
False
Does 142 divide 550534?
True
Is 21 a factor of 523404?
True
Is 879440 a multiple of 118?
False
Is 48 a factor of 22229472?
True
Is 385 a factor of 9479470?
True
Is 183 a factor of 4464331?
False
Does 38 divide 2028478?
True
Is 155 a factor of 212234?
False
Does 31 divide 53017?
False
Is 52527 a multiple of 162?
False
Is 1176155 a multiple of 486?
False
Does 621 divide 255981?
False
Is 429739 a multiple of 113?
True
Does 2013 divide 14914664?
False
Does 502 divide 238827?
False
Is 3054560 a multiple of 40?
True
Is 5316480 a multiple of 156?
True
Is 126 a factor of 3381444?
False
Is 203 a factor of 49735?
True
Does 15 divide 3641721?
False
Is 28 a factor of 22349964?
True
Does 5 divide 77535?
True
Is 402 a factor of 534660?
True
Is 12 a factor of 49608?
True
Does 